(-2). Suppose n*j = 4*j + 27. What are the prime factors of j?
3
Let m(h) = -h**3 - 6*h**2. Let t be m(-6). Suppose 2*k - 2*y = 6, 5*k - 4*k + 4*y - 3 = t. List the prime factors of k.
3
Let x = 123 - 217. What are the prime factors of 4/(-10) + x/(-10)?
3
List the prime factors of (-400)/(-14) + (-6)/(-14).
29
Let w = -189 - -299. List the prime factors of w.
2, 5, 11
Let y(t) = 9*t**2 - t + 2. Let m(j) = -10*j**2 + j - 3. Let u(c) = 3*m(c) + 4*y(c). Let w = 2 + -3. List the prime factors of u(w).
2, 3
Suppose -4*d - 24 = 2*h, 5*d + 5*h + 25 = -5. What are the prime factors of (-3 - d/9)*-15?
5, 7
Suppose -3*h = 7 + 2. List the prime factors of -1 + (h + 0)/(-1).
2
What are the prime factors of (-4 + 42/12)/((-2)/464)?
2, 29
Suppose 0 = -2*y - 5 - 5. What are the prime factors of 5 + (-5)/(y/(-2))?
3
Let j be 72/45 + 2/5. Suppose 4*c = -4*u + 72, j*u = 3*c + 13 + 38. List the prime factors of u.
3, 7
What are the prime factors of (-18)/(-1)*(2 + -1)?
2, 3
Suppose -8*i + 4*i = -464. Suppose -3*t = 4*m - i, 4*t + 35 - 129 = -3*m. List the prime factors of m.
2, 13
Suppose n = 6*n - 15. Suppose g - n = 3. List the prime factors of g.
2, 3
Let i(s) = -5*s - 2. Let h(b) = b - 1. Let y be h(5). Suppose -k + y*w = 14, -k + 3*k - 5 = -3*w. List the prime factors of i(k).
2
Suppose -3 = -r - 5*p, -2*r + p = 2*r - 54. Suppose 4*o + 1 = 4*l + r, -3*l = 9. Let s = o + 3. What are the prime factors of s?
3
Suppose -1327 = -6*j - 391. List the prime factors of j.
2, 3, 13
Let j(v) = 8*v - 5. Let c(w) = -8*w + 4. Let q(d) = -4*c(d) - 3*j(d). Let o = -3 + 5. List the prime factors of q(o).
3, 5
Let i(j) = 2*j - 3. Let m be 2 - ((-6)/2)/3. Let a be i(m). List the prime factors of 5/(a - (2 + 0)).
5
Suppose 2*b - m + 5*m = -4, -3*m = -2*b + 10. Suppose 4*v - 14 = -b. List the prime factors of v.
3
Let k(q) = -q**3 + 7*q**2 - q + 6. Let b be k(7). Let v be ((-14)/(-4))/(b/2). Let u = -3 - v. List the prime factors of u.
2
Suppose -5*d + 5*j = 4*j + 14, -3*j = d - 10. Let u be (-7 + 8)/(-1 - d). List the prime factors of -2*(39/(-6) + u).
11
Suppose -12 = 3*q - 2*f - 113, -f - 100 = -3*q. Suppose -10 = -k + 3*j, 5*j = 3*k - q - 1. List the prime factors of k.
13
Let q be 1/4 + (-30)/(-8). Suppose -q*s + 45 = 9. List the prime factors of s.
3
Let v(f) = -2 - 3 - 4*f + 3*f. What are the prime factors of v(-10)?
5
Let s(d) = 2*d + 53. What are the prime factors of s(19)?
7, 13
Suppose -b = -64 + 1. Suppose -b - 2 = -5*l. What are the prime factors of l?
13
Suppose 0*s + 25 = s. Suppose 4*m = 3*m - 4*q + s, 0 = -5*m + 2*q + 213. Suppose 4*l + 5*w - m = -10, 0 = 3*l - 3*w - 3. List the prime factors of l.
2
Let x = -1 + 1. Let o be 22/(-2) - x/1. Let j = 0 - o. List the prime factors of j.
11
Suppose -q + 6 - 2 = 0. What are the prime factors of q?
2
Let b be ((-13)/(-2))/(1/2). Suppose 17*t = b*t + 48. List the prime factors of t.
2, 3
Let o(t) be the second derivative of -t**3/3 - 9*t**2/2 - 5*t. What are the prime factors of o(-6)?
3
Let w = -44 + 154. What are the prime factors of w?
2, 5, 11
Let p = -28 - -61. What are the prime factors of p?
3, 11
Suppose -5*k + 4 = -3*r, -3*r = -8*r + 2*k + 6. Suppose 3*s - 15 = r*s. List the prime factors of s.
3, 5
Let a = 79 - 47. List the prime factors of a.
2
Suppose r + 3*n = -271, 0 = 3*r - 5*n + 418 + 325. What are the prime factors of 4/10 + r/(-10)?
2, 13
Let p be (-252)/(-10) - (-2)/(-10). Suppose -6*b + b = p, -5*b - 13 = 4*m. Suppose 2*y + m*n = 16, 5*y + n - 7 = 4*y. What are the prime factors of y?
5
Let w(z) = -3*z**2 - z. Let b be w(-1). Suppose -37 = 2*n + 3. List the prime factors of (16/10)/(b/n).
2
Let k = -33 - -19. List the prime factors of k*1*(-1)/1.
2, 7
Suppose -24 = g + 3*g. Let a = -12 - g. List the prime factors of (-3)/(-2)*(-16)/a.
2
Suppose 3*v = -3*j + 45, 0 = -2*v - j - 0*j + 30. Let u = v + -11. Suppose d - 29 = -u*w + 2*d, 9 = 3*w - 5*d. List the prime factors of w.
2
Let o(u) = u**2 + u - 7. Let w be o(-3). List the prime factors of w/((-2)/8) + -2.
2
Let h be 6*(9/(-6))/3. What are the prime factors of 1/(h/(-18) - 0)?
2, 3
Let r(v) = v - 4. Let o be r(-7). Let n = -6 - o. What are the prime factors of n?
5
Suppose -4*g + 66 = -3*o, 5*o + 25 = -4*g + 107. Let x(p) = -p - 1. Let l be x(8). Let y = l + g. What are the prime factors of y?
3
Suppose 5*m + 0 = 25. Let t = 9 - m. What are the prime factors of t?
2
Suppose -3*k - 4*l + 35 = 0, 0 = k + l - 7 - 4. What are the prime factors of k?
3
Let a be (3/6*6)/1. Let n be 0 - 12/a*-5. Suppose -3*k + 13 + n = 0. What are the prime factors of k?
11
Suppose -3*b + 0*b = 18. Let c be 18/b - (-2 + 0). Let p(m) = -10*m - 1. List the prime factors of p(c).
3
Let x(z) = z**3 - 3*z**2 + 2*z + 1. Let s be x(4). Let r = s - 12. List the prime factors of r.
13
Suppose 7*l + 65 = 2*l. Let r = -27 - l. Let o = r + 20. What are the prime factors of o?
2, 3
Suppose 0 = -2*j + 103 - 25. List the prime factors of j.
3, 13
Let q = -8 - -49. Suppose -3*m = -4*x - 31, 0*x - q = -3*m + 2*x. What are the prime factors of m?
17
Let o(r) = r - 3. Let y be o(5). What are the prime factors of (0 - (y + -8)) + 3?
3
Suppose -5*d + 188 = 68. Let m = -17 + d. List the prime factors of m.
7
Let u(o) = -o + 5. Let q be u(9). Let b = q - -7. Suppose 4*m - 13 = b*m. What are the prime factors of m?
13
Let x(k) = -k**2 - 6*k + 3. Let r(q) = 3 - 7*q + q**2 + 0 - 2*q**2. Let p(i) = 2*r(i) - 3*x(i). What are the prime factors of p(2)?
3
Suppose 5*i - 38 = -4*q + 110, 5*q + 3*i = 172. List the prime factors of q.
2
Let j = 5 - 3. Suppose -3*i = -j*i - 1, 2*u - 9 = -3*i. List the prime factors of (u - 5)*(-5)/1.
2, 5
Let q(f) = f**3 - 7*f**2 + 8*f - 7. List the prime factors of q(6).
5
Suppose -t = -8*b + 3*b - 361, 0 = -4*t + 4*b + 1380. What are the prime factors of t?
11, 31
Suppose -4*k = 2*o - 352, -k - o + 71 = -19. List the prime factors of k.
2, 43
Suppose 0 = -3*y - 0*y - 6. Let u be 2 + -2 + 1 + y. List the prime factors of (-24)/(-10)*(-5)/u.
2, 3
Let n(f) = 2*f**2 - 2*f + 135. List the prime factors of n(0).
3, 5
List the prime factors of 47 - ((-4)/(-8))/(1/(-2)).
2, 3
Let n = -6 + 12. Suppose 0 = x + x - n. Suppose -5*y - 8*w + 3*w + 20 = 0, -x*w = -5*y + 4. List the prime factors of y.
2
Let i(w) = -w + 5. What are the prime factors of i(-10)?
3, 5
Let y(o) = 4*o - 3. Let w be y(2). Let a(g) = -g + 4. Let m be a(0). Suppose w*s = 5*f - 15, -2*f - s - 1 + m = 0. List the prime factors of f.
2
Let h(n) = -n**2 + 11*n - 6. Let k(c) = 3*c**2 - 32*c + 17. Let q(p) = -17*h(p) - 6*k(p). Let w be q(-4). List the prime factors of (-6)/(-21) + w/(-21).
2
Let z = -5 + 4. Let s be z/3 - (-26)/6. Suppose -3*v + v = -s. List the prime factors of v.
2
Suppose -3*c = 2*c - 285. List the prime factors of c.
3, 19
Suppose 4*m = 7 + 13. Suppose k + u = -u + 11, 0 = 3*k - m*u - 33. List the prime factors of k.
11
Suppose -3*t - 63 - 2097 = 0. List the prime factors of t/(-21) - (-2)/(-7).
2, 17
Let z be (-24)/(-9) - (-2)/(-3). Suppose -2*d + z*b - b + 8 = 0, 5*b = 3*d - 5. What are the prime factors of d?
5
Let y(h) = -h + 3 + 0*h - 4. Let w be y(3). What are the prime factors of 4 + 2/(-4)*w?
2, 3
Let i(g) = 34*g**2 - g. Suppose -4*a - 4*m + 1 = 5, -5*a + m - 5 = 0. List the prime factors of i(a).
5, 7
Let u(p) = p**3 + 15*p**2 - 20*p - 21. What are the prime factors of u(-16)?
43
Suppose 3*l + 3 = 3*q, -4*q = 5*l - 5 + 1. Suppose l*v + 8 = 2*v. Suppose -r - 4*r + 36 = v*m, 5*m - 20 = 0. What are the prime factors of r?
2
Let c = 18 - 13. List the prime factors of c.
5
Let z(p) = 91*p + 4. List the prime factors of z(2).
2, 3, 31
Let n(l) = -l**2 - l - 3. Let y be n(0). Let x = y + 2. What are the prime factors of 0 + (-7)/x + 2?
3
Suppose 4*p - 218 = 5*f, 107 - 268 = -3*p + 5*f. List the prime factors of p.
3, 19
Suppose 5*d - 4*d = -25. Let j = d + 39. What are the prime factors of j?
2, 7
Suppose 5*n = -2*c + 23, 5*c - 4*n + 0*n = -25. Suppose 3*u + 2*d = 4*d, -5*d - 5 = -5*u. What are the prime factors of -7*(u - (-2 - c))?
7
Let m(r) be the first derivative of r**4/12 - r**3 - 13*r**2/2 - 2*r + 2. Let q(x) be the first derivative of m(x). List the prime factors of q(9).
2, 7
What are the prime factors of (3 + (-3 - -2))*53/2?
53
Suppose 0 = 4*y + 1 - 17. Let q = -8 - -5. Let p